{"id":7986,"date":"2011-01-28T23:46:43","date_gmt":"2011-01-28T22:46:43","guid":{"rendered":"http:\/\/www.au-pays-des-merveilles.com\/blog\/?page_id=7986"},"modified":"2019-04-28T12:18:20","modified_gmt":"2019-04-28T10:18:20","slug":"address-book-2","status":"publish","type":"page","link":"https:\/\/www.au-pays-des-merveilles.com\/blog\/address-book-2\/","title":{"rendered":"Address Book"},"content":{"rendered":"<p><a href=\"https:\/\/www.au-pays-des-merveilles.com\/blog\/wp-content\/uploads\/2011\/01\/Adress-Book.jpg\"><img loading=\"lazy\" decoding=\"async\" style=\"background-image: none; margin: 15px auto; padding-left: 0px; padding-right: 0px; display: block; float: none; padding-top: 0px; border: 0px;\" title=\"Adress Book\" src=\"https:\/\/www.au-pays-des-merveilles.com\/blog\/wp-content\/uploads\/2011\/01\/Adress-Book_thumb.jpg\" border=\"0\" alt=\"Adress Book\" width=\"320\" height=\"480\" \/><\/a><\/p>\n<h1><span style=\"color: #ff8080;\"> <\/span><\/h1>\n<h1><span style=\"color: #c0c0c0;\">\u2605\u2605 <strong><span style=\"text-decoration: underline;\">EUROPE<\/span><\/strong><\/span><\/h1>\n<p><strong><span style=\"text-decoration: underline;\"><span style=\"color: #ff00ff;\"> <\/span><\/span><\/strong><\/p>\n<h2><span style=\"color: #9c85c0;\"><span style=\"text-decoration: underline;\"><a href=\"https:\/\/www.au-pays-des-merveilles.com\/blog\/wp-content\/uploads\/2011\/02\/Autriche-timbre.jpg\"><img loading=\"lazy\" decoding=\"async\" style=\"background-image: none; margin: 15px 0px; padding-left: 0px; padding-right: 0px; display: inline; padding-top: 0px; border: 0px;\" title=\"Autriche-timbre\" src=\"https:\/\/www.au-pays-des-merveilles.com\/blog\/wp-content\/uploads\/2011\/02\/Autriche-timbre_thumb.jpg\" border=\"0\" alt=\"Autriche-timbre\" width=\"365\" height=\"297\" \/><\/a><\/span><\/span><\/h2>\n<h1 style=\"text-align: center;\"><span style=\"color: #9c85c0;\"><span style=\"text-decoration: underline;\"><span style=\"font-size: x-large;\">AUTRICHE<\/span><\/span><\/span><\/h1>\n<p><span style=\"color: #809ec2;\"><strong><span style=\"background-color: #ffff00;\"><span style=\"text-decoration: underline;\">H\u00f4tels <\/span>:<\/span><\/strong><\/span><\/p>\n<p>\u2605\u2605<strong> Romantikhotel Im Weissen R\u00f6ssl****<\/strong>S \u2022 A-5360 St. Wolfgang<\/p>\n<p>T +43 6138 2306 0 &#8211; F +43 6138 2306 9941<br \/>\n<a href=\"mailto:welcome@weissesroessl.at\">welcome@weissesroessl.at<\/a> \u2022 www.weissesroessl.at<\/p>\n<p><em>Tarifs : entre 75\u20ac et 220\u20ac la nuit\/pers avec petit d\u00e9jeuner, selon la saison<\/em><\/p>\n<p>\u2605\u2605 <strong>H\u00d4TEL SYBARITIQUE DE GOLF &amp; WELLNESS <\/strong><strong>SALZBURGERHOF<\/strong>*****<\/p>\n<p>Auerspergstra\u00dfe 11 A-5700 Zell am See Tel: +43 6542 765 Fax: +43 6542 765 66<\/p>\n<p><em>Tarifs : entre 120\u20ac et 320\u20ac la nuit\/pers l\u2019hiver et entre 95\u20ac et 310\u20ac la nuit\/pers l\u2019\u00e9t\u00e9<\/em><\/p>\n<p><span style=\"color: #809ec2;\"><strong><span style=\"background-color: #ffff00;\"><span style=\"text-decoration: underline;\">Balade en cal\u00e8che, maison d\u2019h\u00f4tes :<\/span> <\/span><\/strong><\/span><\/p>\n<p>\u2605\u2605 <strong>Familie Strobl<\/strong> \u2022 Au 6 \u2022 A-5360 St.Wolfgang<\/p>\n<p>\u2022 Tel. + Fax: +43 6138 2912 \u2022 <a href=\"mailto:fam.strobl@aon.at\">fam.strobl@aon.at<\/a><\/p>\n<blockquote class=\"wp-embedded-content\" data-secret=\"ZhcWtBtvk5\"><p><a href=\"https:\/\/www.altroiterhof.at\/\">Startseite<\/a><\/p><\/blockquote>\n<p><iframe loading=\"lazy\" class=\"wp-embedded-content\" sandbox=\"allow-scripts\" security=\"restricted\" style=\"position: absolute; clip: rect(1px, 1px, 1px, 1px);\" src=\"https:\/\/www.altroiterhof.at\/embed\/#?secret=ZhcWtBtvk5\" data-secret=\"ZhcWtBtvk5\" width=\"600\" height=\"338\" title=\"&#8222;Startseite&#8220; &#8212; Altroiterhof St. Wolfgang\" frameborder=\"0\" marginwidth=\"0\" marginheight=\"0\" scrolling=\"no\"><\/iframe><\/p>\n<p><span style=\"text-decoration: underline;\"><strong> <\/strong><\/span><span style=\"text-decoration: underline;\"><strong> <\/strong><\/span><span style=\"text-decoration: underline;\"><strong><span style=\"background-color: #ffff00; color: #809ec2;\">Restaurants &amp; salons de th\u00e9 :<\/span><\/strong><\/span><\/p>\n<p>\u2605\u2605 <strong>Caf\u00e9 Dallmann<\/strong> : <a rel=\"nofollow\" href=\"http:\/\/www.dallmann.at\/\" class=\"broken_link\">http:\/\/www.dallmann.at\/<\/a><\/p>\n<p><span style=\"color: #809ec2;\"><strong><span style=\"background-color: #ffff00;\"><span style=\"text-decoration: underline;\">Lieux \u00e0 visiter<\/span> :<\/span><\/strong><\/span><\/p>\n<p>\u2605\u2605 <strong>T\u00e9l\u00e9ph\u00e9rique Zw\u00f6lferhorn<\/strong> : <a rel=\"nofollow\" href=\"http:\/\/www.12erhorn.at\/\">http:\/\/www.12erhorn.at\/<\/a><\/p>\n<p>\u2605\u2605 <strong>Station Zell am see Kaprun<\/strong> : http:\/\/www.zellamsee-kaprun.com\/en<\/p>\n<p>\u2605\u2605 <strong>T\u00e9l\u00e9ph\u00e9rique Schmitten<\/strong> : http:\/\/www.schmitten.at\/index.php?id=1&amp;L=1<\/p>\n<p><span style=\"text-decoration: underline;\"><strong><span style=\"background-color: #ffff00; color: #809ec2;\">A lire :<\/span><\/strong><\/span><\/p>\n<p>\u2605 <a title=\"https:\/\/www.au-pays-des-merveilles.com\/blog\/2011\/02\/08\/un-voyage-feerique-en-autriche-1\/\" href=\"https:\/\/www.au-pays-des-merveilles.com\/blog\/2011\/02\/08\/un-voyage-feerique-en-autriche-1\/\">https:\/\/www.au-pays-des-merveilles.com\/blog\/2011\/02\/08\/un-voyage-feerique-en-autriche-1\/<\/a><\/p>\n<p>\u2605 <a title=\"https:\/\/www.au-pays-des-merveilles.com\/blog\/2011\/02\/09\/un-voyage-feerique-en-autriche-2\/\" href=\"https:\/\/www.au-pays-des-merveilles.com\/blog\/2011\/02\/09\/un-voyage-feerique-en-autriche-2\/\">https:\/\/www.au-pays-des-merveilles.com\/blog\/2011\/02\/09\/un-voyage-feerique-en-autriche-2\/<\/a><\/p>\n<p style=\"text-align: center;\">\u2605<\/p>\n<p style=\"text-align: center;\">&nbsp;<\/p>\n<p style=\"text-align: center;\">\u2605\u2605\u2605\u2605\u2605\u2605\u2605\u2605\u2605\u2605\u2605\u2605\u2605\u2605\u2605\u2605\u2605\u2605\u2605\u2605\u2605\u2605\u2605\u2605\u2605\u2605\u2605\u2605\u2605\u2605\u2605\u2605\u2605\u2605\u2605\u2605\u2605\u2605\u2605\u2605\u2605\u2605\u2605\u2605\u2605\u2605\u2605<\/p>\n<p style=\"text-align: center;\"><strong><span style=\"color: #9c85c0;\"><span style=\"text-decoration: underline;\"><span style=\"font-size: x-large;\">FRANCE<\/span><\/span><\/span><\/strong><\/p>\n<p>&nbsp;<\/p>\n<p><a href=\"https:\/\/www.au-pays-des-merveilles.com\/blog\/wp-content\/uploads\/2011\/03\/Alsace.jpg\"><img loading=\"lazy\" decoding=\"async\" style=\"background-image: none; margin: 15px 0px; padding-left: 0px; padding-right: 0px; display: inline; padding-top: 0px; border: 0px;\" title=\"Alsace\" src=\"https:\/\/www.au-pays-des-merveilles.com\/blog\/wp-content\/uploads\/2011\/03\/Alsace_thumb.jpg\" border=\"0\" alt=\"Alsace\" width=\"360\" height=\"292\" \/><\/a><\/p>\n<p style=\"text-align: center;\"><strong><span style=\"color: #9c85c0;\"><span style=\"text-decoration: underline;\"><span style=\"font-size: x-large;\">Alsace<\/span><\/span><\/span><\/strong><\/p>\n<p>&#8211;<span style=\"background-color: #ffff00;\"> <\/span><strong><span style=\"text-decoration: underline;\"><span style=\"background-color: #ffff00;\">H\u00f4tel<\/span><\/span> :<\/strong><\/p>\n<p>\u2605\u2605 <strong>Le Grand Hotel Strasbourg *** &#8211;<\/strong> 12, Place de la Gare &#8211; F 67000 STRASBOURG<br \/>\nTEL : +33 3 88 52 84 84 | FAX : +33 3 88 52 84 00 | Email : <a href=\"mailto:info@le-grand-hotel.com\">info@le-grand-hotel.com<\/a><\/p>\n<p>&#8211; <span style=\"background-color: #ffff00;\"><strong><span style=\"text-decoration: underline;\">Restaurants <\/span><\/strong>:<\/span><\/p>\n<p>\u2605\u2605 <strong>l\u2019Atelier des Chefs<\/strong><strong> de Strasbourg<\/strong> &#8211; 39 rue du Faubourg de Saverne \u00e0 Strasbourg<\/p>\n<p>\u2605\u2605 <strong>L\u2019Ostrengen<\/strong> \u2013 Place du March\u00e9 aux Cochons de Lait \u2013 Strasbourg<\/p>\n<p>&#8211;<span style=\"text-decoration: underline;\"> <strong><span style=\"background-color: #ffff00;\">Boutiques<\/span><\/strong><\/span><strong><span style=\"background-color: #ffff00;\"> :<\/span><\/strong><\/p>\n<p>\u2605\u2605 <a href=\"http:\/\/www.mireille-oster.com\/\" target=\"_blank\" rel=\"noopener noreferrer\" class=\"broken_link\"><strong>Pains d\u2019Epices Mireille Oster<\/strong><\/a> \u2013 14 rue des Dentelles \u2013 67000 Strasbourg<\/p>\n<p>\u2605\u2605 <strong>P\u00e2tissier Chocolatier <\/strong><strong>Thierry Mulhaupt<\/strong> &#8211; 18 rue du Vieux March\u00e9 aux Poissons &#8211; 67000 Strasbourg<\/p>\n<p>&#8211; <span style=\"background-color: #ffff00;\"><strong><span style=\"text-decoration: underline;\">Expositions<\/span><\/strong> : <\/span><\/p>\n<p>\u2605\u2605 <strong>La Kunsthalle<\/strong> \u2013 Centre d\u2019Art Contemporain &#8211; 16 rue de la Fonderie \u00e0 Mulhouse &#8211; ww.kunsthallemulhouse.fr<\/p>\n<p>\u2605\u2605 <strong>Mus\u00e9e W\u00fcrth<\/strong> &#8211; Rue Georges Besse \u2013 ZI Ouest \u00e0 Erstrein &#8211; www.musee-wurth.fr<\/p>\n<p>\u2605\u2605 <strong>Espace Appollonia<\/strong> &#8211; 12 rue du faubourg de pierre \u00e0 Strasbourg<\/p>\n<p>\u2605\u2605 <strong>STIMULTANIA<\/strong> &#8211; 33 rue Kageneck &#8211; 67000 Strasbourg &#8211;\u00a0 <a rel=\"nofollow\" href=\"http:\/\/www.stimultania.org\">www.stimultania.org<\/a><\/p>\n<p><span style=\"text-decoration: underline;\"><strong><span style=\"background-color: #ffff00; color: #809ec2;\">A lire :<\/span><\/strong><\/span><\/p>\n<p>\u2605 <a title=\"https:\/\/www.au-pays-des-merveilles.com\/blog\/2011\/03\/28\/escapade-en-alsace\/\" href=\"https:\/\/www.au-pays-des-merveilles.com\/blog\/2011\/03\/28\/escapade-en-alsace\/\">https:\/\/www.au-pays-des-merveilles.com\/blog\/2011\/03\/28\/escapade-en-alsace\/<\/a><\/p>\n<p style=\"text-align: center;\">\u2605<\/p>\n<p style=\"text-align: center;\">&nbsp;<\/p>\n<p style=\"text-align: center;\">\u2605\u2605\u2605\u2605\u2605\u2605\u2605\u2605\u2605\u2605\u2605\u2605\u2605\u2605\u2605\u2605\u2605\u2605\u2605\u2605\u2605\u2605\u2605\u2605\u2605\u2605\u2605\u2605\u2605\u2605\u2605\u2605\u2605\u2605\u2605\u2605\u2605\u2605\u2605\u2605\u2605\u2605\u2605\u2605\u2605\u2605\u2605<\/p>\n","protected":false},"excerpt":{"rendered":"<p>\u2605\u2605 EUROPE AUTRICHE H\u00f4tels : \u2605\u2605 Romantikhotel Im Weissen R\u00f6ssl****S \u2022 A-5360 St. Wolfgang T +43 6138 2306 0 &#8211; F +43 6138 2306 9941 welcome@weissesroessl.at \u2022 www.weissesroessl.at Tarifs : entre 75\u20ac et 220\u20ac la nuit\/pers avec petit d\u00e9jeuner, selon la saison \u2605\u2605 H\u00d4TEL SYBARITIQUE DE GOLF &amp; WELLNESS SALZBURGERHOF***** Auerspergstra\u00dfe 11 A-5700 Zell am<\/p>\n","protected":false},"author":1,"featured_media":0,"parent":0,"menu_order":0,"comment_status":"open","ping_status":"open","template":"","meta":{"footnotes":""},"class_list":["post-7986","page","type-page","status-publish","hentry"],"_links":{"self":[{"href":"https:\/\/www.au-pays-des-merveilles.com\/blog\/wp-json\/wp\/v2\/pages\/7986","targetHints":{"allow":["GET"]}}],"collection":[{"href":"https:\/\/www.au-pays-des-merveilles.com\/blog\/wp-json\/wp\/v2\/pages"}],"about":[{"href":"https:\/\/www.au-pays-des-merveilles.com\/blog\/wp-json\/wp\/v2\/types\/page"}],"author":[{"embeddable":true,"href":"https:\/\/www.au-pays-des-merveilles.com\/blog\/wp-json\/wp\/v2\/users\/1"}],"replies":[{"embeddable":true,"href":"https:\/\/www.au-pays-des-merveilles.com\/blog\/wp-json\/wp\/v2\/comments?post=7986"}],"version-history":[{"count":0,"href":"https:\/\/www.au-pays-des-merveilles.com\/blog\/wp-json\/wp\/v2\/pages\/7986\/revisions"}],"wp:attachment":[{"href":"https:\/\/www.au-pays-des-merveilles.com\/blog\/wp-json\/wp\/v2\/media?parent=7986"}],"curies":[{"name":"wp","href":"https:\/\/api.w.org\/{rel}","templated":true}]}}

<p><a href="https://www.au-pays-des-merveilles.com/blog/wp-content/uploads/2011/01/Adress-Book.jpg"><img loading="lazy" decoding="async" style="background-image: none; margin: 15px auto; padding-left: 0px; padding-right: 0px; display: block; float: none; padding-top: 0px; border: 0px;" title="Adress Book" src="https://www.au-pays-des-merveilles.com/blog/wp-content/uploads/2011/01/Adress-Book_thumb.jpg" border="0" alt="Adress Book" width="320" height="480" /></a></p>
<h1><span style="color: #ff8080;"> </span></h1>
<h1><span style="color: #c0c0c0;">★★ <strong><span style="text-decoration: underline;">EUROPE</span></strong></span></h1>
<p><strong><span style="text-decoration: underline;"><span style="color: #ff00ff;"> </span></span></strong></p>
<h2><span style="color: #9c85c0;"><span style="text-decoration: underline;"><a href="https://www.au-pays-des-merveilles.com/blog/wp-content/uploads/2011/02/Autriche-timbre.jpg"><img loading="lazy" decoding="async" style="background-image: none; margin: 15px 0px; padding-left: 0px; padding-right: 0px; display: inline; padding-top: 0px; border: 0px;" title="Autriche-timbre" src="https://www.au-pays-des-merveilles.com/blog/wp-content/uploads/2011/02/Autriche-timbre_thumb.jpg" border="0" alt="Autriche-timbre" width="365" height="297" /></a></span></span></h2>
<h1 style="text-align: center;"><span style="color: #9c85c0;"><span style="text-decoration: underline;"><span style="font-size: x-large;">AUTRICHE</span></span></span></h1>
<p><span style="color: #809ec2;"><strong><span style="background-color: #ffff00;"><span style="text-decoration: underline;">Hôtels </span>:</span></strong></span></p>
<p>★★<strong> Romantikhotel Im Weissen Rössl****</strong>S • A-5360 St. Wolfgang</p>
<p>T +43 6138 2306 0 &#8211; F +43 6138 2306 9941<br />
<a href="mailto:welcome@weissesroessl.at">welcome@weissesroessl.at</a> • www.weissesroessl.at</p>
<p><em>Tarifs : entre 75€ et 220€ la nuit/pers avec petit déjeuner, selon la saison</em></p>
<p>★★ <strong>HÔTEL SYBARITIQUE DE GOLF &amp; WELLNESS </strong><strong>SALZBURGERHOF</strong>*****</p>
<p>Auerspergstraße 11 A-5700 Zell am See Tel: +43 6542 765 Fax: +43 6542 765 66</p>
<p><em>Tarifs : entre 120€ et 320€ la nuit/pers l’hiver et entre 95€ et 310€ la nuit/pers l’été</em></p>
<p><span style="color: #809ec2;"><strong><span style="background-color: #ffff00;"><span style="text-decoration: underline;">Balade en calèche, maison d’hôtes :</span> </span></strong></span></p>
<p>★★ <strong>Familie Strobl</strong> • Au 6 • A-5360 St.Wolfgang</p>
<p>• Tel. + Fax: +43 6138 2912 • <a href="mailto:fam.strobl@aon.at">fam.strobl@aon.at</a></p>
<blockquote class="wp-embedded-content" data-secret="ZhcWtBtvk5"><p><a href="https://www.altroiterhof.at/">Startseite</a></p></blockquote>
<p><iframe loading="lazy" class="wp-embedded-content" sandbox="allow-scripts" security="restricted" style="position: absolute; clip: rect(1px, 1px, 1px, 1px);" src="https://www.altroiterhof.at/embed/#?secret=ZhcWtBtvk5" data-secret="ZhcWtBtvk5" width="600" height="338" title="&#8222;Startseite&#8220; &#8212; Altroiterhof St. Wolfgang" frameborder="0" marginwidth="0" marginheight="0" scrolling="no"></iframe></p>
<p><span style="text-decoration: underline;"><strong> </strong></span><span style="text-decoration: underline;"><strong> </strong></span><span style="text-decoration: underline;"><strong><span style="background-color: #ffff00; color: #809ec2;">Restaurants &amp; salons de thé :</span></strong></span></p>
<p>★★ <strong>Café Dallmann</strong> : <a rel="nofollow" href="http://www.dallmann.at/" class="broken_link">http://www.dallmann.at/</a></p>
<p><span style="color: #809ec2;"><strong><span style="background-color: #ffff00;"><span style="text-decoration: underline;">Lieux à visiter</span> :</span></strong></span></p>
<p>★★ <strong>Téléphérique Zwölferhorn</strong> : <a rel="nofollow" href="http://www.12erhorn.at/">http://www.12erhorn.at/</a></p>
<p>★★ <strong>Station Zell am see Kaprun</strong> : http://www.zellamsee-kaprun.com/en</p>
<p>★★ <strong>Téléphérique Schmitten</strong> : http://www.schmitten.at/index.php?id=1&amp;L=1</p>
<p><span style="text-decoration: underline;"><strong><span style="background-color: #ffff00; color: #809ec2;">A lire :</span></strong></span></p>
<p>★ <a title="https://www.au-pays-des-merveilles.com/blog/2011/02/08/un-voyage-feerique-en-autriche-1/" href="https://www.au-pays-des-merveilles.com/blog/2011/02/08/un-voyage-feerique-en-autriche-1/">https://www.au-pays-des-merveilles.com/blog/2011/02/08/un-voyage-feerique-en-autriche-1/</a></p>
<p>★ <a title="https://www.au-pays-des-merveilles.com/blog/2011/02/09/un-voyage-feerique-en-autriche-2/" href="https://www.au-pays-des-merveilles.com/blog/2011/02/09/un-voyage-feerique-en-autriche-2/">https://www.au-pays-des-merveilles.com/blog/2011/02/09/un-voyage-feerique-en-autriche-2/</a></p>
<p style="text-align: center;">★</p>
<p style="text-align: center;">&nbsp;</p>
<p style="text-align: center;">★★★★★★★★★★★★★★★★★★★★★★★★★★★★★★★★★★★★★★★★★★★★★★★</p>
<p style="text-align: center;"><strong><span style="color: #9c85c0;"><span style="text-decoration: underline;"><span style="font-size: x-large;">FRANCE</span></span></span></strong></p>
<p>&nbsp;</p>
<p><a href="https://www.au-pays-des-merveilles.com/blog/wp-content/uploads/2011/03/Alsace.jpg"><img loading="lazy" decoding="async" style="background-image: none; margin: 15px 0px; padding-left: 0px; padding-right: 0px; display: inline; padding-top: 0px; border: 0px;" title="Alsace" src="https://www.au-pays-des-merveilles.com/blog/wp-content/uploads/2011/03/Alsace_thumb.jpg" border="0" alt="Alsace" width="360" height="292" /></a></p>
<p style="text-align: center;"><strong><span style="color: #9c85c0;"><span style="text-decoration: underline;"><span style="font-size: x-large;">Alsace</span></span></span></strong></p>
<p>&#8211;<span style="background-color: #ffff00;"> </span><strong><span style="text-decoration: underline;"><span style="background-color: #ffff00;">Hôtel</span></span> :</strong></p>
<p>★★ <strong>Le Grand Hotel Strasbourg *** &#8211;</strong> 12, Place de la Gare &#8211; F 67000 STRASBOURG<br />
TEL : +33 3 88 52 84 84 | FAX : +33 3 88 52 84 00 | Email : <a href="mailto:info@le-grand-hotel.com">info@le-grand-hotel.com</a></p>
<p>&#8211; <span style="background-color: #ffff00;"><strong><span style="text-decoration: underline;">Restaurants </span></strong>:</span></p>
<p>★★ <strong>l’Atelier des Chefs</strong><strong> de Strasbourg</strong> &#8211; 39 rue du Faubourg de Saverne à Strasbourg</p>
<p>★★ <strong>L’Ostrengen</strong> – Place du Marché aux Cochons de Lait – Strasbourg</p>
<p>&#8211;<span style="text-decoration: underline;"> <strong><span style="background-color: #ffff00;">Boutiques</span></strong></span><strong><span style="background-color: #ffff00;"> :</span></strong></p>
<p>★★ <a href="http://www.mireille-oster.com/" target="_blank" rel="noopener noreferrer" class="broken_link"><strong>Pains d’Epices Mireille Oster</strong></a> – 14 rue des Dentelles – 67000 Strasbourg</p>
<p>★★ <strong>Pâtissier Chocolatier </strong><strong>Thierry Mulhaupt</strong> &#8211; 18 rue du Vieux Marché aux Poissons &#8211; 67000 Strasbourg</p>
<p>&#8211; <span style="background-color: #ffff00;"><strong><span style="text-decoration: underline;">Expositions</span></strong> : </span></p>
<p>★★ <strong>La Kunsthalle</strong> – Centre d’Art Contemporain &#8211; 16 rue de la Fonderie à Mulhouse &#8211; ww.kunsthallemulhouse.fr</p>
<p>★★ <strong>Musée Würth</strong> &#8211; Rue Georges Besse – ZI Ouest à Erstrein &#8211; www.musee-wurth.fr</p>
<p>★★ <strong>Espace Appollonia</strong> &#8211; 12 rue du faubourg de pierre à Strasbourg</p>
<p>★★ <strong>STIMULTANIA</strong> &#8211; 33 rue Kageneck &#8211; 67000 Strasbourg &#8211;  <a rel="nofollow" href="http://www.stimultania.org">www.stimultania.org</a></p>
<p><span style="text-decoration: underline;"><strong><span style="background-color: #ffff00; color: #809ec2;">A lire :</span></strong></span></p>
<p>★ <a title="https://www.au-pays-des-merveilles.com/blog/2011/03/28/escapade-en-alsace/" href="https://www.au-pays-des-merveilles.com/blog/2011/03/28/escapade-en-alsace/">https://www.au-pays-des-merveilles.com/blog/2011/03/28/escapade-en-alsace/</a></p>
<p style="text-align: center;">★</p>
<p style="text-align: center;">&nbsp;</p>
<p style="text-align: center;">★★★★★★★★★★★★★★★★★★★★★★★★★★★★★★★★★★★★★★★★★★★★★★★</p>

<p>★★ EUROPE AUTRICHE Hôtels : ★★ Romantikhotel Im Weissen Rössl****S • A-5360 St. Wolfgang T +43 6138 2306 0 &#8211; F +43 6138 2306 9941 welcome@weissesroessl.at • www.weissesroessl.at Tarifs : entre 75€ et 220€ la nuit/pers avec petit déjeuner, selon la saison ★★ HÔTEL SYBARITIQUE DE GOLF &amp; WELLNESS SALZBURGERHOF***** Auerspergstraße 11 A-5700 Zell am</p>
